 x(u) = u**2 - 3*u - 2. What is the remainder when r is divided by x(-3)?
15
Let j(t) = 2*t**2 - t - 10. Let f(y) = 24*y + 361. Calculate the remainder when f(26) is divided by j(-4).
23
Suppose -9*d = -3*d - 30. Let o = 28 + 16. What is the remainder when o is divided by d?
4
Suppose 4*g + 32 = r + 12, -5*r = 5*g. What is the remainder when 99 is divided by (-1)/g - (3 + 1395/(-36))?
27
Let h(m) = -3*m**3 - 7*m**2 - 9*m + 11. What is the remainder when 2068 is divided by h(-3)?
52
Suppose -i - x + 2 = 0, 0 = -2*x + 4*x. Let m(o) = 15*o**3 - 2*o**2 + 2*o. Calculate the remainder when m(i) is divided by 24.
20
Let x = 662 - 282. Suppose -4*t + 228 = 3*s, 3*t - x = -5*s + 2*t. Suppose -10*v + s = -8*v. Calculate the remainder when 187 is divided by v.
35
Suppose 7*b = 2*f + 3*b + 12, 0 = -f - 3*b - 6. What is the remainder when (f/(-4) + -2)*-40 is divided by 10?
0
Let b(y) = y**3 - 3*y**2 - 4*y + 6. Let r be b(4). Suppose j + r = 2*n - 2, -n = 3*j + 3. Calculate the remainder when 36 is divided by n.
0
Let u = -58 + 139. Let l(z) = z**3 + 16*z**2 - 92*z - 221. What is the remainder when u is divided by l(-20)?
5
Let h be 1 + -2 - (-6 - -4). Suppose 9*b = 50 + 40. What is the remainder when b is divided by 153/54 + h/6?
1
Let f = -2519 + 2596. Calculate the remainder when 80 is divided by f.
3
Suppose -104*m = -124*m - 320. Calculate the remainder when 324/7 + 2/(-7) is divided by (m/(-56))/((-1)/(-84)).
22
Let d = 15607 - 5380. Calculate the remainder when d is divided by 66.
63
Suppose -5*z = 44 + 371. Let g = z - -122. Calculate the remainder when g is divided by 0/1 - 91/(39/(-3)).
4
Let f(z) = -2*z**3 - 46*z**2 + z + 30. Let r be f(-23). Suppose -r*p + 4*p + 18 = 0. Calculate the remainder when 34 is divided by p.
4
Suppose 0 = -155*x + 174*x - 19. What is the remainder when 87 is divided by x?
0
Suppose 4*f + 5*k + 1325 = 0, 2*k + 1652 = -f - 4*f. Let y = -224 - f. Calculate the remainder when y is divided by 38.
30
Suppose -5*m - 5*q + 93 = -167, -2*m - 4*q = -112. Suppose m = 369*u - 368*u. What is the remainder when 183 is divided by u?
39
Let y = 10648 - 10596. What is the remainder when y is divided by 13?
0
Let a be (4 + -9)/5 + 4. Suppose l - 68 = -a*l. Calculate the remainder when 50 is divided by l.
16
Let f(w) = 7*w**2 - 99*w + 585. Calculate the remainder when f(22) is divided by 129.
118
Suppose -3*x = 1148 - 659. Let i = -98 - x. What is the remainder when i is divided by 26?
13
What is the remainder when 51 is divided by 208/(-286)*(0 + -11)?
3
Let y(z) = 11*z**2 - 1409*z + 141. Calculate the remainder when 1465 is divided by y(128).
9
Suppose -7*t + 158 = 130. Suppose 7*v - 4*v + t*u = 36, -u = -2*v + 24. What is the remainder when 47 is divided by v?
11
Let o(u) = -2*u**3 - 20*u**2 + 30*u + 9. Let q be o(-12). Let w = q + -58. What is the remainder when w is divided by 13?
11
What is the remainder when (-5)/(-40) - (-10)/(-80)*-1007 is divided by 32?
30
Suppose -22 + 6 = -8*k. Suppose -2*w = f - 5*f + 226, 5*w = -k*f + 119. Let h(p) = 12*p**2 + 7*p + 1. What is the remainder when f is divided by h(1)?
17
Calculate the remainder when 316 is divided by 3/(-12) + (-8)/(-16) + (-783)/(-36).
8
Suppose 2*a = b - 3*b + 24, 2*b + 4*a - 28 = 0. Let r = b - -8. Suppose 3*d + 0 = 3, -2*l = -4*d - r. Calculate the remainder when 30 is divided by l.
8
Suppose 0 = -0*i - 4*i + 5*h + 290, 3*h + 219 = 3*i. Let p = i - 71. Calculate the remainder when 10 is divided by p.
2
Let r(f) = -f**2 - 2*f - 5. Let j be r(-5). Let s = j - -69. What is the remainder when 239 is divided by s?
43
Suppose -4*g - 3*b = -86 - 33, g + 5*b = 34. Let m = -972 + 987. Calculate the remainder when g is divided by m.
14
Let c = 30 - 27. Suppose 2*w - 3*z - c = 1, -5*w = -5*z. Let r(t) = 3*t**2 - 2*t + 1. Calculate the remainder when r(w) is divided by 30.
27
Let c(v) = -34*v + 4131. Calculate the remainder when c(66) is divided by 61.
57
Let m = -3499 - -4550. Calculate the remainder when m is divided by 62.
59
Suppose -66*l + 49*l - 11791 = -30*l. Calculate the remainder when l is divided by 73.
31
Let l(b) = 289*b - 157. Calculate the remainder when 791 is divided by l(1).
131
Let l(d) = -d**3 + 3*d**2 + 2*d - 6. Let x be l(3). Suppose -14*j + 17*j - 762 = x. What is the remainder when j is divided by 51?
50
Let y(t) = -3125*t - 291. What is the remainder when y(-1) is divided by 43?
39
Suppose -5*v = 2*o + 14, 13 = 3*o - 3*v + 2*v. Suppose 3*d - o*w - 14 - 46 = 0, 0 = 3*d - w - 64. What is the remainder when d is divided by 8?
6
Let h = 213 - -40. What is the remainder when h is divided by 67?
52
Suppose 172 = 4*y + 108. Let p(j) = 10*j - 81. Let i(h) = 21*h**2 - 1. Calculate the remainder when p(y) is divided by i(-1).
19
Calculate the remainder when 125 is divided by ((-308)/(-12))/((-8)/(-24)).
48
Let o(l) be the third derivative of -l**5/30 - l**4/3 - 2*l**3/3 - 64*l**2. Calculate the remainder when 269 is divided by o(-2).
1
Suppose -2672 = 13*q - 13*q - 8*q. Calculate the remainder when 1009 is divided by q.
7
Let i be ((-38)/(-8) - 1)*4. Suppose -2*u + 16 = 4*n - 0, -4*u + n + 41 = 0. Calculate the remainder when 1176/i - ((-34)/(-10) - 3) is divided by u.
8
What is the remainder when 3502/(-103)*(-1068)/8 is divided by 19?
17
Suppose 3*z = -5 + 14. Suppose -z*i = 3*d + d - 1, 4*d + 5*i = -9. Suppose -8 = d*a - 24. Calculate the remainder when 23 is divided by a.
3
Let w(k) = -k**3 - 6*k**2 - 5*k - 1. Let g be w(-2). Let n(z) = 4*z**2 + 23*z - 24. Calculate the remainder when 305 is divided by n(g).
8
Let g(t) = t**3 - 59*t**2 - 115*t + 43. Calculate the remainder when g(61) is divided by 121.
107
Let k(b) = -2*b**3 - 22*b**2 - 22*b - 15. Calculate the remainder when k(-11) is divided by 18.
11
Suppose 670 = 3*d - 4*y - 259, 1505 = 5*d + 2*y. Let l = -679 - -541. Let z = l + d. Calculate the remainder when z is divided by 42.
39
Suppose 94 + 77 = 8*g + 51. Calculate the remainder when 1316 is divided by g.
11
Let a(l) = -l**3 - 41*l**2 - 67*l + 577. What is the remainder when 291 is divided by a(-39)?
143
Let x(z) = -22*z**2 + 1093*z + 39. What is the remainder when x(48) is divided by 65?
60
Suppose -24*n - 5 = -29*n. Suppose 0 = -a - n, -5*h = 2*a - 0*a - 88. What is the remainder when 56 is divided by h?
2
Let l(v) = 2*v - 2. Let w = 18 + -11. What is the remainder when 33 is divided by l(w)?
9
Suppose 6 + 6 = v. Let f be 40*((-32)/(-144) + 8/45). Suppose 5*x + h = 40, 0*x - 3*h = 2*x - f. What is the remainder when v is divided by x?
4
Let z(h) = h**2 + 8*h + 616. Let x be z(0). Let a = -402 + x. Calculate the remainder when a is divided by 55.
49
Let s(a) = 16*a**3 + 40*a**2 - 27*a + 8. Let n(m) = 7*m**3 + 19*m**2 - 13*m + 4. Let p(u) = 7*n(u) - 3*s(u). What is the remainder when p(5) is divided by 11?
8
Suppose 6*h - 1109 = -323. Suppose -127*g - 208 = -h*g. Calculate the remainder when 203 is divided by g.
47
Let h(r) = 7 - 2*r**3 + 14 - 99*r + 48*r**2 - 1. What is the remainder when h(21) is divided by 19?
17
Let q be 5*2*35/(-10). Let w be (-3 + -1 - q) + 0 + -1. What is the remainder when 140 is divided by (5*9/w)/((-6)/(-44))?
8
Let z(c) = 4*c - 6. Let u be z(-4). Let w = -17 - u. Suppose 0 = 4*t - 2*t - 3*s - 81, -w*t = -5*s - 210. Calculate the remainder when t is divided by 16.
13
Let y(z) = -3*z - 12. Let h(o) = -4*o**2 - 5*o. Let m be h(-2). Let s be y(m). What is the remainder when s/9*-2*-1*66 is divided by 13?
10
What is the remainder when 519 is divided by (-2)/(-2)*(-10578)/(-86)?
27
Suppose -2344*o + 1161*o + 1109*o + 5550 = 0. What is the remainder when 2540 is divided by o?
65
Let c = -61 + 145. Suppose 27*h - m - 971 = 24*h, 4*m - 354 = -h. What is the remainder when h is divided by c?
74
Let p = -104 + 175. Let m(z) = -2*z + 6. Suppose 2*q = -3*f - 10, 3*f + 4*q = -2*f - 14. Calculate the remainder when p is divided by m(f).
17
Let q = -8317 - -8483. What is the remainder when q is divided by 43?
37
Suppose -4*c = 131*q - 128*q - 300, 4*q + 2*c - 410 = 0. Let i = 189 - 182. What is the remainder when q is divided by i?
6
Suppose 16*w = 14*w + 72. What is the remainder when w is divided by 11?
3
Let v be 40392/(-120) - 4/10. Let p = 366 + v. Calculate the remainder when 97 is divided by p.
10
Suppose -21*v = -30*v - 43*v + 4